1253 is divided by 251874.
9
Calculate the remainder when 76961 is divided by 3503.
3398
Calculate the remainder when 31982393 is divided by 6396477.
8
Calculate the remainder when 2078725 is divided by 2302.
19
What is the remainder when 14644 is divided by 637?
630
What is the remainder when 528143 is divided by 132021?
59
Calculate the remainder when 1284480 is divided by 1359.
225
Calculate the remainder when 139535 is divided by 19774.
1117
Calculate the remainder when 903141 is divided by 2849.
8
Calculate the remainder when 94333 is divided by 15425.
1783
Calculate the remainder when 12704006 is divided by 2540797.
21
What is the remainder when 1356231 is divided by 889?
506
Calculate the remainder when 19316779 is divided by 70.
69
Calculate the remainder when 12300665 is divided by 1537582.
9
What is the remainder when 27414228 is divided by 382?
380
What is the remainder when 1382605 is divided by 18?
7
Calculate the remainder when 234449 is divided by 2566.
943
Calculate the remainder when 798398 is divided by 1736.
1574
Calculate the remainder when 23245 is divided by 26.
1
Calculate the remainder when 518218 is divided by 3122.
3088
What is the remainder when 17136138 is divided by 4033?
3954
Calculate the remainder when 14249992 is divided by 197.
194
What is the remainder when 1406086 is divided by 48461?
717
Calculate the remainder when 2154107 is divided by 18.
11
What is the remainder when 217956 is divided by 108978?
0
What is the remainder when 18145 is divided by 2151?
937
What is the remainder when 50236191 is divided by 7?
5
What is the remainder when 97386 is divided by 2777?
191
Calculate the remainder when 14495650 is divided by 66.
4
Calculate the remainder when 621062 is divided by 232.
230
What is the remainder when 5311914 is divided by 1327977?
6
What is the remainder when 7374 is divided by 7311?
63
Calculate the remainder when 3553502 is divided by 8974.
8772
What is the remainder when 13436432 is divided by 312475?
7
Calculate the remainder when 64919 is divided by 63368.
1551
What is the remainder when 17328188 is divided by 811?
362
What is the remainder when 219364 is divided by 113?
31
What is the remainder when 53879 is divided by 1025?
579
What is the remainder when 19838 is divided by 822?
110
What is the remainder when 9100293 is divided by 696?
93
Calculate the remainder when 500403 is divided by 2442.
2235
What is the remainder when 243543 is divided by 2485?
13
Calculate the remainder when 402422739 is divided by 1377.
1374
Calculate the remainder when 1835685 is divided by 152882.
1101
What is the remainder when 379744 is divided by 29211?
1
What is the remainder when 108849 is divided by 4177?
247
Calculate the remainder when 1871808 is divided by 374360.
8
Calculate the remainder when 6826234 is divided by 93508.
150
Calculate the remainder when 4650170 is divided by 1177.
1020
Calculate the remainder when 14698 is divided by 7337.
24
Calculate the remainder when 722198152 is divided by 35.
32
What is the remainder when 83034 is divided by 4613?
0
What is the remainder when 20634036 is divided by 137560?
36
What is the remainder when 209276 is divided by 347?
35
What is the remainder when 174344702 is divided by 38606?
6
What is the remainder when 240035447 is divided by 6?
5
Calculate the remainder when 3980774 is divided by 796151.
19
What is the remainder when 342508 is divided by 122?
54
Calculate the remainder when 1569535559 is divided by 3569.
3567
Calculate the remainder when 21708 is divided by 2707.
52
Calculate the remainder when 958161027 is divided by 1628.
1627
Calculate the remainder when 167511 is divided by 55480.
1071
Calculate the remainder when 1368670 is divided by 75.
70
Calculate the remainder when 201737 is divided by 3206.
2965
Calculate the remainder when 1004028 is divided by 24487.
61
Calculate the remainder when 2869461 is divided by 18754.
99
Calculate the remainder when 879718 is divided by 759.
37
What is the remainder when 137849 is divided by 320?
249
What is the remainder when 70621543 is divided by 1909?
1906
Calculate the remainder when 63921 is divided by 1282.
1103
What is the remainder when 348187 is divided by 173313?
1561
Calculate the remainder when 2376341 is divided by 49507.
5
What is the remainder when 5963561 is divided by 2359?
9
What is the remainder when 95263 is divided by 2069?
89
Calculate the remainder when 1990848 is divided by 85.
63
What is the remainder when 1011146 is divided by 807?
782
What is the remainder when 2007292 is divided by 7043?
37
Calculate the remainder when 5381287 is divided by 1318.
1211
What is the remainder when 813319198 is divided by 860?
858
What is the remainder when 7421720 is divided by 2860?
20
Calculate the remainder when 47224 is divided by 6805.
6394
What is the remainder when 4084410 is divided by 72?
66
What is the remainder when 17441994 is divided by 2052?
2046
Calculate the remainder when 11116205 is divided by 16.
13
What is the remainder when 387689228 is divided by 10?
8
What is the remainder when 5624648 is divided by 47?
17
Calculate the remainder when 794775 is divided by 225.
75
Calculate the remainder when 66526 is divided by 8283.
262
Calculate the remainder when 2308363 is divided by 7.
1
What is the remainder when 21004857 is divided by 102?
99
Calculate the remainder when 2686920 is divided by 22.
16
Calculate the remainder when 125275471 is divided by 16.
15
Calculate the remainder when 1881798 is divided by 8.
6
What is the remainder when 1776 is divided by 35?
26
What is the remainder when 722311 is divided by 2169?
34
What is the remainder when 256602155 is divided by 1769670?
5
What is the remainder when 444565 is divided by 1142?
327
What is the remainder when 294645 is divided by 32729?
84
Calculate the remainder when 24244730 is divided by 1279.
6
Calculate the remainder when 40007088 is divided by 439638.
30
What is the remainder when 1176622 is divided by 14176?
14
Calculate the remainder when 25339 is divided by 122.
85
What is the remainder when 756133 is divided by 1652?
1169
What is the remainder when 96303207 is divided by 92?
91
Calculate the remainder when 203408 is divided by 193.
179
Calculate the remainder when 2217585 is divided by 283.
280
Calculate the remainder when 116541 is divided by 8301.
327
Calculate the remainder when 5049280 is divided by 1683079.
43
What is the remainder when 2497902 is divided by 107?
94
Calculate the remainder when 11933023 is divided by 11933022.
1
What is the remainder when 185041 is divided by 61627?
160
Calculate the remainder when 2626540 is divided by 437741.
94
What is the remainder when 5980705 is divided by 285?
265
Calculate the remainder when 588348 is divided by 114.
108
Calculate the remainder when 39389368 is divided by 7588.
60
What is the remainder when 12198927 is divided by 5211?
5187
Calculate the remainder when 43624 is divided by 1221.
889
Calculate the remainder when 6254354 is divided by 3127154.
46
Calculate the remainder when 159886753 is divided by 6195.
6193
Calculate the remainder when 702577621 is divided by 206.
201
What is the remainder when 800656 is divided by 200161?
12
What is the remainder when 12273452 is divided by 39?
35
Calculate the remainder when 14953346 is divided by 4984443.
17
Calculate the remainder when 1255420 is divided by 1255372.
48
Calculate the remainder when 148125 is divided by 14578.
2345
Calculate the remainder when 48526 is divided by 295.
146
What is the remainder when 910094 is divided by 7?
3
Calculate the remainder when 110591 is divided by 35550.
3941
Calculate the remainder when 4799890 is divided by 951.
193
Calculate the remainder when 391852318 is divided by 2110.
2108
Calculate the remainder when 934181 is divided by 9461.
7003
Calculate the remainder when 703203 is divided by 2151.
1977
What is the remainder when 192426 is divided by 48067?
158
What is the remainder when 26631258 is divided by 532625?
8
What is the remainder when 4710977 is divided by 1570274?
155
What is the remainder when 418042 is divided by 2716?
2494
What is the remainder when 3411419 is divided by 32?
27
What is the remainder when 98207 is divided by 2888?
15
What is the remainder when 162949 i